 Suppose 4*n + v = 942, 0*n + 5*v - 245 = -n. Let k = a + n. What is the tens digit of k?
8
Let w = -304 + -1305. Let d = -473 - w. What is the thousands digit of d?
1
What is the units digit of (-78*(-5061)/(-84))/(3/(-2))?
3
Suppose 0 = -47*o + 43*o - 40. Let d be ((-4)/o)/(27/(-45))*-3. Suppose i = -2*t + 65, d*i - 77 = i + 4*t. What is the tens digit of i?
6
Suppose -4*c = 12*i - 17*i + 29307, 5*i + 3*c = 29321. What is the tens digit of i?
6
What is the ten thousands digit of 2/(-12) + (9/(-1) - 1683737/(-66))?
2
Suppose 0 = u + n - 6 - 5, 4*u - 46 = -2*n. Suppose 44*f = 41*f + 564. Suppose 14*q - f = u*q. What is the tens digit of q?
9
Suppose -33*y + 28*y + 4640 = 0. Suppose o - x = 2*o - y, 2*o = x + 1859. What is the hundreds digit of o?
9
Let n = 34227 + -15121. What is the tens digit of n?
0
Let l(r) = -r**3 - 2*r**2 + 333. Suppose -191*t = -193*t. What is the hundreds digit of l(t)?
3
Let s = 183 + -177. What is the units digit of (-155)/(1*s/(-30))?
5
Let u(x) = -70*x**3 - 7*x**2 - 2*x + 7. Let k(g) = 70*g**3 + 6*g**2 + g - 6. Let s(c) = -7*k(c) - 6*u(c). What is the units digit of s(-2)?
0
What is the thousands digit of (-18495)/((-42)/14) + -12?
6
Suppose 0*b - 33 = 2*b + 5*i, -30 = 5*b + 2*i. Let f(c) = 24*c - 180. Let g be f(7). What is the hundreds digit of ((-158)/b)/(6/g)*-3?
2
What is the tens digit of 11340/(-900)*(-3)/(3/1835)?
2
Suppose -2*g + 51 = 7. Suppose 0 = 4*u - 10 + g. Let k(c) = -c + 5. What is the units digit of k(u)?
8
Suppose h = -41 + 45. Suppose 3*i = 2*z - 2862, i + 5720 = 4*z - h*i. What is the units digit of z?
5
Suppose -3*f + 2527 = -4*d - 1524, -2*f + 2*d = -2698. Let a = f - 660. What is the hundreds digit of a?
6
Let j(l) = -9*l**3 + 44*l**2 + 35*l + 22. Let d(o) = 5*o**3 - 22*o**2 - 18*o - 11. Let i(v) = 7*d(v) + 4*j(v). What is the tens digit of i(22)?
1
Let j = 26 + -56. What is the units digit of (-384)/(-180) + 4/j?
2
Suppose -11*v = -2*v - h - 42921, -2*v + 5*h = -9538. What is the units digit of v?
9
Let b = -224 + 218. What is the tens digit of (-886)/(-3)*(-5)/(20/b)?
4
Suppose 4*y + 7 = 31. Let g = y - 4. Suppose -g*v + 71 = 2*i - 23, 0 = v + 2*i - 43. What is the tens digit of v?
5
Let m(i) = 99*i**3 - i**2. Let r be m(-1). Let g = r + 197. Let j = g + 19. What is the hundreds digit of j?
1
Let o(p) = p**3 + 7*p**2 - 7*p + 12. Let m be o(-8). Suppose h - 905 = -w - 37, -m*h = -4*w + 3512. What is the tens digit of w?
7
What is the thousands digit of (7/(-84)*-20)/((-2)/6) - -20043?
0
Suppose 0 = 71*k - 481956 + 145061. What is the tens digit of k?
4
Let i(s) = -1576*s + 6116. What is the ten thousands digit of i(-25)?
4
Let g(k) = -k**3 + 33*k**2 + 38*k - 133. Let w be g(34). Suppose 5*l - 3*d = 2638, d = l + w*l - 2116. What is the units digit of l?
0
Suppose 19*s - 3665 - 3213 = 0. Let t = -186 + s. What is the hundreds digit of t?
1
What is the tens digit of (-6680630)/(-2310) + 1/(-21)?
9
Let q be (-2 + 40)*(84/8)/7. Let t = q + 171. What is the tens digit of t?
2
Let j(i) = -i**2 - 161*i - 163. What is the units digit of j(-51)?
7
What is the thousands digit of ((-1992)/581)/((-1)/875)?
3
What is the thousands digit of (5 - (-29)/(-5)) + 158316/20?
7
Let y(c) = c**2 - 26*c + 42. Let r be y(25). Let g(k) = 27*k - 33. What is the tens digit of g(r)?
2
Suppose 6389 = -17*r + 53495 + 50457. What is the tens digit of r?
3
Let s(u) = 42*u**3 - u**2. Let y(i) = 43*i**3 - 2*i**2 + 1. Let d(l) = -7*s(l) + 6*y(l). What is the hundreds digit of d(-2)?
2
Suppose 5*z + 7*z - 70029 = 3*z. What is the thousands digit of z?
7
Let x be (-276 - (-40)/(-8)) + -5. Let f(h) = -69*h + 3. Let k be f(3). Let a = k - x. What is the tens digit of a?
8
Let q be 543*(-1)/9*3. Let g = -24 - q. Let u = 312 - g. What is the tens digit of u?
5
Suppose 456371 = 92*b - 28*b + 43379. What is the tens digit of b?
5
Let q(p) = -5 + 0*p**2 - p**3 - 3*p**2 + 2*p**3 + 8*p**2 - 8*p. Let c be 100/60*(-1 - 2). What is the units digit of q(c)?
5
Let a = -350 + 353. Suppose -3*i - 2*y = 602 - 2103, -1504 = -a*i + y. What is the tens digit of i?
0
Suppose 5*j - 25 = 4*j. Let z = j - -18. Suppose -5*g + z + 72 = 0. What is the tens digit of g?
2
Let m = 5233 - 3943. What is the units digit of m?
0
Let x(t) = t**3 - 5*t**2 + 5*t - 14. Let i be x(10). Suppose 10*d = 9*d + i. What is the tens digit of d?
3
Let d = 48 + -39. Suppose 0 = -3*m - 4*k + 8 + 4, 0 = 5*m - 3*k + d. Suppose 2052 = 9*i - m*i. What is the units digit of i?
8
Let g be 1690/2 - (-7 + 11). Suppose -2*m - 5*r = -g, 3*r - 5*r = -5*m + 2030. What is the units digit of m?
8
Let u be (-30)/225 + (-412)/60. What is the units digit of u/28*4*-827?
7
Let j(b) = -4 - 6 + 47*b - 1105*b + 6 - 6. What is the hundreds digit of j(-1)?
0
Let z(o) = -o**2 - 20*o + 21. Let x(d) = 2*d. Let p(a) = -6*x(a) - z(a). Suppose 2*y + 68 = -2*y. What is the tens digit of p(y)?
3
Suppose -356 = 6*a + 1366. What is the units digit of (a/3)/(21/(-126))?
4
Let z = 32 - 29. Suppose z*u = 106 + 164. Suppose -2*k + u = -4. What is the units digit of k?
7
Let n = 739 - 207. Let i = -227 + n. What is the tens digit of i?
0
Let b(x) = x**3 + 20*x**2 - 18*x - 3. Let m be b(-20). Let q = m + -93. What is the units digit of q?
4
Let q(a) = a - 29. Let b be q(18). Let v(w) = 11*w - 34. Let u(r) = r**2 + 34*r - 103. Let m(s) = b*v(s) + 4*u(s). What is the tens digit of m(7)?
6
Suppose 69465 = 3*m - 12930. What is the ten thousands digit of m?
2
Let o(m) = m**3 + 15*m**2 - 9*m + 11. Suppose -5*a = -12*a - 56. What is the tens digit of o(a)?
3
Let m be 1/(1*3/15). Suppose 0 = m*o - 10*o + 50. Let j(u) = -u**2 + 17*u + 7. What is the units digit of j(o)?
7
Suppose 91 = -5*q + 66. What is the hundreds digit of 570*q*5/(-75)?
1
Let q be (6 - 10) + -1 + -57. Let w = -72 - q. What is the tens digit of (-1584)/(-45) - 8/w?
3
What is the ten thousands digit of (-2 - 6) + (-12180244)/(-277)?
4
What is the units digit of (216/(-90))/(((-24837)/24810 - -1)/3)?
6
Suppose 83*m - 592353 = -6*m + 310819. What is the hundreds digit of m?
1
Let f be 30/45 + (-188)/(-3)*-1. Let g = f + 57. Let n(i) = -2*i**3 - 5*i**2 + 4*i - 3. What is the tens digit of n(g)?
0
Let q(x) = 124*x**2 + 2*x + 15262. What is the thousands digit of q(0)?
5
Suppose 4*y = -g + 4087, -5*y + 4082 = 28*g - 27*g. What is the hundreds digit of g?
1
Let d = 204 + 219. Let r = 1158 - d. Suppose 0 = -5*a + 3*f + r, -a + 135 = f - 4*f. What is the tens digit of a?
5
Suppose 7*z = -114 + 65. Let d(a) = -3 - 5*a + 19 - 2. What is the tens digit of d(z)?
4
Let z = 2530 - 2385. What is the units digit of z?
5
Let d = 3720 + 2510. What is the hundreds digit of d?
2
Suppose n + 2*l + 2117 = -0*n, 2*l + 10553 = -5*n. What is the units digit of 15/10 + n/(-6)?
3
Let f = 699 - 206. What is the tens digit of f?
9
Let k(x) = 3515*x - 40. Let l(i) = -251*i + 3. Let a(y) = 6*k(y) + 85*l(y). What is the tens digit of a(-6)?
8
Let a = 44660 - 27948. What is the hundreds digit of a?
7
Let u(x) = 7*x**2 - 2*x - 3. Let p be u(2). Suppose -n + 31 + p = 0. What is the tens digit of n?
5
Let k(f) be the first derivative of 46*f**2 + 29*f + 40. What is the units digit of k(4)?
7
Let b = 2823 - 1930. Let g = b - 603. What is the hundreds digit of g?
2
Let d be 73/(-219) + (-82)/(-3). What is the units digit of 22848/d + (-24)/108?
6
Suppose -4*t - 4*y = -2*y - 6476, 3*t = -3*y + 4863. Let b = t - 300. What is the thousands digit of b?
1
Suppose -72*t - x + 103553 = -69*t, 2*t = 5*x + 69024. What is the units digit of t?
7
Let f(b) = b**3 + 2*b**2 + 5*b + 2. Let a be f(6). Suppose -4*x + 862 = 202. Let i = a - x. What is the tens digit of i?
5
Let c(d) = -d**3 - 65*d**2 - 2*d + 118. What is the tens digit of c(-65)?
4
Suppose -n - 3*c - 36 = 2*n, 5*n + 3*c + 52 = 0. What is the hundreds digit of 1 + n/10 - 16023/(-35)?
4
Suppose 0 = -2*y - 3 - 1, 0 = 5*b - 5*y - 25. Suppose -b*v + 355 - 65 = u, 0 = -u + 5*v + 330. What is the tens digit of u?
0
What is the thousands digit of (0 + 2830/3)/(19*(-11)/(-2508))?
1
Let g(p) be the first derivative of -p**4/4 - p**3/3 + 3*p**2/2 + 18*p + 38. Let c be g(5). Let k = 129 + c. What is the units digit of k?
2
Let u(m) be the third derivative of m**5/60 + m**4/2 - 31*m**3/6 - 24*m**2. Let f be u(-15). Suppose -f = -5*w + 716. What is th